{"id":2,"date":"2019-08-19T06:18:17","date_gmt":"2019-08-19T06:18:17","guid":{"rendered":"https:\/\/informationsarchitektur.ch\/ub-architektur\/?page_id=2"},"modified":"2022-10-19T16:40:33","modified_gmt":"2022-10-19T16:40:33","slug":"sample-page","status":"publish","type":"page","link":"https:\/\/informationsarchitektur.ch\/ub-architektur\/sample-page\/","title":{"rendered":"B\u00dcRO- UND GEWERBEBAU"},"content":{"rendered":"\n<p><a href=\"https:\/\/informationsarchitektur.ch\/ub-architektur\/sample-page-3-2-3-2-2-3-32-12\/\">1988 Atelier, Drahtzugstrasse, Basel<\/a><br><a href=\"https:\/\/informationsarchitektur.ch\/ub-architektur\/sample-page-3-2-3-2-2-3-2\/\">1992 B\u00fcrobau Pavatex, Knonauerstrasse, Cham<\/a><br><a href=\"https:\/\/informationsarchitektur.ch\/ub-architektur\/sample-page-3-2-3-2-2-3-3\/\">1993 B\u00fcrogeb\u00e4ude Hoffmann La Roche, Grenzacherstrasse, Basel<\/a><br><a href=\"https:\/\/informationsarchitektur.ch\/ub-architektur\/sample-page-3-2-3-2-2-3-4\/\">1994 Jelmoli, Utengasse, Basel<\/a><br><a href=\"https:\/\/informationsarchitektur.ch\/ub-architektur\/sample-page-3-2-3-2-2-3-5\/\">1994-1997 Werkhof und Polizeist\u00fctzpunkt, Netzenstrasse, Sissach<\/a><br><a href=\"https:\/\/informationsarchitektur.ch\/ub-architektur\/sample-page-3-2-3-2-2-3-6\/\">2000-2001 SRN, Bonergasse, Basel<\/a><br><a rel=\"noreferrer noopener\" href=\"https:\/\/informationsarchitektur.ch\/ub-architektur\/sample-page-3-2-3-2-2-3-7\/\" target=\"_blank\">2011-2014 NSNW AG, Sissach<\/a><br><a href=\"https:\/\/informationsarchitektur.ch\/ub-architektur\/2021-ladenumbau-basel\/\" data-type=\"page\" data-id=\"5709\">2021, Ladenumbau, Basel<\/a><\/p>\n\n\n\n<p><\/p>\n\n\n\n<p><\/p>\n","protected":false},"excerpt":{"rendered":"<p>1988 Atelier, Drahtzugstrasse, Basel1992 B\u00fcrobau Pavatex, Knonauerstrasse, Cham1993 B\u00fcrogeb\u00e4ude Hoffmann La Roche, Grenzacherstrasse, Basel1994 Jelmoli, Utengasse, Basel1994-1997 Werkhof und Polizeist\u00fctzpunkt, Netzenstrasse, Sissach2000-2001 SRN, Bonergasse, Basel2011-2014 NSNW AG, Sissach2021, Ladenumbau, Basel<\/p>\n","protected":false},"author":1,"featured_media":0,"parent":0,"menu_order":0,"comment_status":"closed","ping_status":"open","template":"","meta":[],"_links":{"self":[{"href":"https:\/\/informationsarchitektur.ch\/ub-architektur\/wp-json\/wp\/v2\/pages\/2"}],"collection":[{"href":"https:\/\/informationsarchitektur.ch\/ub-architektur\/wp-json\/wp\/v2\/pages"}],"about":[{"href":"https:\/\/informationsarchitektur.ch\/ub-architektur\/wp-json\/wp\/v2\/types\/page"}],"author":[{"embeddable":true,"href":"https:\/\/informationsarchitektur.ch\/ub-architektur\/wp-json\/wp\/v2\/users\/1"}],"replies":[{"embeddable":true,"href":"https:\/\/informationsarchitektur.ch\/ub-architektur\/wp-json\/wp\/v2\/comments?post=2"}],"version-history":[{"count":18,"href":"https:\/\/informationsarchitektur.ch\/ub-architektur\/wp-json\/wp\/v2\/pages\/2\/revisions"}],"predecessor-version":[{"id":5712,"href":"https:\/\/informationsarchitektur.ch\/ub-architektur\/wp-json\/wp\/v2\/pages\/2\/revisions\/5712"}],"wp:attachment":[{"href":"https:\/\/informationsarchitektur.ch\/ub-architektur\/wp-json\/wp\/v2\/media?parent=2"}],"curies":[{"name":"wp","href":"https:\/\/api.w.org\/{rel}","templated":true}]}}